{"id":25,"date":"2024-03-04T16:55:03","date_gmt":"2024-03-04T15:55:03","guid":{"rendered":"https:\/\/www.journee-mondiale.com\/se\/?page_id=25"},"modified":"2025-02-04T04:16:59","modified_gmt":"2025-02-04T09:16:59","slug":"juridisk-information","status":"publish","type":"page","link":"https:\/\/www.journee-mondiale.com\/se\/juridisk-information\/","title":{"rendered":"Juridisk information"},"content":{"rendered":"<p class=\"whitespace-pre-wrap\"><strong><span style=\"vertical-align: inherit;\"><span style=\"vertical-align: inherit;\">Juridisk information &#8211; Integritetspolicy<\/span><\/span><\/strong><\/p>\n<p class=\"whitespace-pre-wrap\"><span style=\"vertical-align: inherit;\"><span style=\"vertical-align: inherit;\">Webbplatsen V\u00e4rldsdagarna publiceras av Renard Romain. \u00c4garen och\/eller utgivaren \u00e4r en juridisk person. Webbplatsens \u00e4gare och\/eller utgivare: Miaouw O\u00dc Utgivarens adress: Sepapaja 6, Tallinn 15551, Estland Registreringsnummer (RCS): 14587256<\/span><\/span><\/p>\n<p class=\"whitespace-pre-wrap\"><span style=\"vertical-align: inherit;\"><span style=\"vertical-align: inherit;\">V\u00e4rdtj\u00e4nst: OVH OVH SAS \u00e4r ett dotterbolag till OVH Groupe SA, ett f\u00f6retag registrerat hos RCS i Lille under nummer 537 407 926, bel\u00e4get p\u00e5 2, rue Kellermann, 59100 Roubaix<\/span><\/span><\/p>\n<h2><strong><span style=\"vertical-align: inherit;\"><span style=\"vertical-align: inherit;\">Personuppgifter<\/span><\/span><\/strong><\/h2>\n<p class=\"whitespace-pre-wrap\"><span style=\"vertical-align: inherit;\"><span style=\"vertical-align: inherit;\">De uppgifter du anf\u00f6rtror oss \u00e4r n\u00f6dv\u00e4ndiga f\u00f6r att behandla dina f\u00f6rfr\u00e5gningar och \u00f6verf\u00f6rs under inga omst\u00e4ndigheter till andra organisationer. I enlighet med lag nr 78-17 fr\u00e5n 6 januari 1978 om databehandling, filer och friheter har du r\u00e4tt att f\u00e5 tillg\u00e5ng till, konsultera, \u00e4ndra, r\u00e4tta och radera uppgifter som du har delat med v\u00e5ra tj\u00e4nster.<\/span><\/span><\/p>\n<h2><strong><span style=\"vertical-align: inherit;\"><span style=\"vertical-align: inherit;\">Hyperl\u00e4nkar<\/span><\/span><\/strong><\/h2>\n<p class=\"whitespace-pre-wrap\"><span style=\"vertical-align: inherit;\"><span style=\"vertical-align: inherit;\">Hyperl\u00e4nkar kan h\u00e4nvisa till andra webbplatser \u00e4n V\u00e4rldsdagarna-webbplatsen. Under inga omst\u00e4ndigheter kan V\u00e4rldsdagarna-webbplatsen h\u00e5llas ansvarig om inneh\u00e5llet p\u00e5 dessa andra webbplatser strider mot g\u00e4llande lagar och f\u00f6rordningar.<\/span><\/span><\/p>\n<p class=\"whitespace-pre-wrap\"><span style=\"vertical-align: inherit;\"><span style=\"vertical-align: inherit;\">V\u00e4rldsdagarna kan inte h\u00e5llas direkt eller indirekt ansvarig, av n\u00e5gon anledning och av n\u00e5gon orsak:<\/span><\/span><\/p>\n<ul class=\"list-disc pl-8 space-y-2\">\n<li class=\"whitespace-normal\"><span style=\"vertical-align: inherit;\"><span style=\"vertical-align: inherit;\">vid olaglig och regelvidrig anv\u00e4ndning av webbplatsanv\u00e4ndare av de intellektuella verk som \u00e5terges p\u00e5 webbplatsen<\/span><\/span><\/li>\n<li class=\"whitespace-normal\"><span style=\"vertical-align: inherit;\"><span style=\"vertical-align: inherit;\">vid avbrott i webbplatstj\u00e4nsten motiverat av underh\u00e5llsarbeten eller av webbplatsanv\u00e4ndarnas beteende<\/span><\/span><\/li>\n<li class=\"whitespace-normal\"><span style=\"vertical-align: inherit;\"><span style=\"vertical-align: inherit;\">vid otillg\u00e4nglighet och\/eller of\u00f6rm\u00e5ga att anv\u00e4nda webbplatsen av n\u00e5gon webbplatsanv\u00e4ndare<\/span><\/span><\/li>\n<li class=\"whitespace-normal\"><span style=\"vertical-align: inherit;\"><span style=\"vertical-align: inherit;\">vid skador p\u00e5 utrustning av n\u00e5got slag, dataf\u00f6rlust, under en anslutning till V\u00e4rldsdagarna-webbplatsen<\/span><\/span><\/li>\n<\/ul>\n","protected":false},"excerpt":{"rendered":"<p>Juridisk information &#8211; Integritetspolicy Webbplatsen V\u00e4rldsdagarna publiceras av Renard Romain. \u00c4garen och\/eller utgivaren \u00e4r en juridisk person. Webbplatsens \u00e4gare och\/eller utgivare: Miaouw O\u00dc Utgivarens adress: Sepapaja 6, Tallinn 15551, Estland Registreringsnummer (RCS): 14587256 V\u00e4rdtj\u00e4nst: OVH OVH SAS \u00e4r ett dotterbolag till OVH Groupe SA, ett f\u00f6retag registrerat hos RCS i Lille under nummer 537 407 &#8230; <a title=\"Juridisk information\" class=\"read-more\" href=\"https:\/\/www.journee-mondiale.com\/se\/juridisk-information\/\" aria-label=\"L\u00e4s mer om Juridisk information\">Lire plus<\/a><\/p>\n","protected":false},"author":1,"featured_media":0,"parent":0,"menu_order":0,"comment_status":"closed","ping_status":"closed","template":"","meta":{"footnotes":""},"class_list":["post-25","page","type-page","status-publish"],"acf":[],"_yoast_wpseo_primary_category":null,"_yoast_wpseo_title":null,"_yoast_wpseo_metadesc":null,"_links":{"self":[{"href":"https:\/\/www.journee-mondiale.com\/se\/wp-json\/wp\/v2\/pages\/25","targetHints":{"allow":["GET"]}}],"collection":[{"href":"https:\/\/www.journee-mondiale.com\/se\/wp-json\/wp\/v2\/pages"}],"about":[{"href":"https:\/\/www.journee-mondiale.com\/se\/wp-json\/wp\/v2\/types\/page"}],"author":[{"embeddable":true,"href":"https:\/\/www.journee-mondiale.com\/se\/wp-json\/wp\/v2\/users\/1"}],"replies":[{"embeddable":true,"href":"https:\/\/www.journee-mondiale.com\/se\/wp-json\/wp\/v2\/comments?post=25"}],"version-history":[{"count":4,"href":"https:\/\/www.journee-mondiale.com\/se\/wp-json\/wp\/v2\/pages\/25\/revisions"}],"predecessor-version":[{"id":12062,"href":"https:\/\/www.journee-mondiale.com\/se\/wp-json\/wp\/v2\/pages\/25\/revisions\/12062"}],"wp:attachment":[{"href":"https:\/\/www.journee-mondiale.com\/se\/wp-json\/wp\/v2\/media?parent=25"}],"curies":[{"name":"wp","href":"https:\/\/api.w.org\/{rel}","templated":true}]}}

<p class="whitespace-pre-wrap"><strong><span style="vertical-align: inherit;"><span style="vertical-align: inherit;">Juridisk information &#8211; Integritetspolicy</span></span></strong></p>
<p class="whitespace-pre-wrap"><span style="vertical-align: inherit;"><span style="vertical-align: inherit;">Webbplatsen Världsdagarna publiceras av Renard Romain. Ägaren och/eller utgivaren är en juridisk person. Webbplatsens ägare och/eller utgivare: Miaouw OÜ Utgivarens adress: Sepapaja 6, Tallinn 15551, Estland Registreringsnummer (RCS): 14587256</span></span></p>
<p class="whitespace-pre-wrap"><span style="vertical-align: inherit;"><span style="vertical-align: inherit;">Värdtjänst: OVH OVH SAS är ett dotterbolag till OVH Groupe SA, ett företag registrerat hos RCS i Lille under nummer 537 407 926, beläget på 2, rue Kellermann, 59100 Roubaix</span></span></p>
<h2><strong><span style="vertical-align: inherit;"><span style="vertical-align: inherit;">Personuppgifter</span></span></strong></h2>
<p class="whitespace-pre-wrap"><span style="vertical-align: inherit;"><span style="vertical-align: inherit;">De uppgifter du anförtror oss är nödvändiga för att behandla dina förfrågningar och överförs under inga omständigheter till andra organisationer. I enlighet med lag nr 78-17 från 6 januari 1978 om databehandling, filer och friheter har du rätt att få tillgång till, konsultera, ändra, rätta och radera uppgifter som du har delat med våra tjänster.</span></span></p>
<h2><strong><span style="vertical-align: inherit;"><span style="vertical-align: inherit;">Hyperlänkar</span></span></strong></h2>
<p class="whitespace-pre-wrap"><span style="vertical-align: inherit;"><span style="vertical-align: inherit;">Hyperlänkar kan hänvisa till andra webbplatser än Världsdagarna-webbplatsen. Under inga omständigheter kan Världsdagarna-webbplatsen hållas ansvarig om innehållet på dessa andra webbplatser strider mot gällande lagar och förordningar.</span></span></p>
<p class="whitespace-pre-wrap"><span style="vertical-align: inherit;"><span style="vertical-align: inherit;">Världsdagarna kan inte hållas direkt eller indirekt ansvarig, av någon anledning och av någon orsak:</span></span></p>
<ul class="list-disc pl-8 space-y-2">
<li class="whitespace-normal"><span style="vertical-align: inherit;"><span style="vertical-align: inherit;">vid olaglig och regelvidrig användning av webbplatsanvändare av de intellektuella verk som återges på webbplatsen</span></span></li>
<li class="whitespace-normal"><span style="vertical-align: inherit;"><span style="vertical-align: inherit;">vid avbrott i webbplatstjänsten motiverat av underhållsarbeten eller av webbplatsanvändarnas beteende</span></span></li>
<li class="whitespace-normal"><span style="vertical-align: inherit;"><span style="vertical-align: inherit;">vid otillgänglighet och/eller oförmåga att använda webbplatsen av någon webbplatsanvändare</span></span></li>
<li class="whitespace-normal"><span style="vertical-align: inherit;"><span style="vertical-align: inherit;">vid skador på utrustning av något slag, dataförlust, under en anslutning till Världsdagarna-webbplatsen</span></span></li>
</ul>

<p>Juridisk information &#8211; Integritetspolicy Webbplatsen Världsdagarna publiceras av Renard Romain. Ägaren och/eller utgivaren är en juridisk person. Webbplatsens ägare och/eller utgivare: Miaouw OÜ Utgivarens adress: Sepapaja 6, Tallinn 15551, Estland Registreringsnummer (RCS): 14587256 Värdtjänst: OVH OVH SAS är ett dotterbolag till OVH Groupe SA, ett företag registrerat hos RCS i Lille under nummer 537 407 &#8230; <a title="Juridisk information" class="read-more" href="https://www.journee-mondiale.com/se/juridisk-information/" aria-label="Läs mer om Juridisk information">Lire plus</a></p>
