{"id":16592,"date":"2025-09-19T10:47:22","date_gmt":"2025-09-19T08:47:22","guid":{"rendered":"https:\/\/www.journee-mondiale.com\/boutique\/?page_id=16592"},"modified":"2025-09-19T10:50:51","modified_gmt":"2025-09-19T08:50:51","slug":"remboursements_retours","status":"publish","type":"page","link":"https:\/\/www.journee-mondiale.com\/boutique\/remboursements_retours\/","title":{"rendered":"Politique en mati\u00e8re de remboursements et de retours"},"content":{"rendered":"\n<p>Politique en mati\u00e8re de remboursements et de retours<\/p>\n\n\n\n<p id=\"block-1ff652d6-befb-4f3b-a90b-9435113609ee\"><strong>Derni\u00e8re mise \u00e0 jour : Septembre 2025<\/strong><\/p>\n\n\n\n<h2 class=\"wp-block-heading\" id=\"block-6e9ddd3a-78a7-4ba5-a690-2ea46dc5e1ec\">Nature de notre service<\/h2>\n\n\n\n<p id=\"block-ec0d3158-2326-4e81-a3c8-1a63d1bf4a3e\"><strong>La boutique Journ\u00e9e mondiale<\/strong> est un site comparateur et interm\u00e9diaire qui vous oriente vers les meilleures offres de compl\u00e9ments alimentaires et produits de bien-\u00eatre. Nous ne vendons pas directement les produits pr\u00e9sent\u00e9s sur notre site.<\/p>\n\n\n\n<h2 class=\"wp-block-heading\" id=\"block-a5eeb27f-4d34-4081-8a0c-d281579a1d2a\">Remboursements et retours<\/h2>\n\n\n\n<p id=\"block-a3deb630-6e1c-4823-bba4-462773d91a75\">\u00c9tant donn\u00e9 que nous sommes uniquement un interm\u00e9diaire :<\/p>\n\n\n\n<ul id=\"block-794f834e-6003-4079-b993-24cafe49d5db\" class=\"wp-block-list\">\n<li><strong>Aucun remboursement direct<\/strong> n&rsquo;est effectu\u00e9 par Miaouw O\u00dc<\/li>\n\n\n\n<li>Tous les <strong>achats, remboursements et retours<\/strong> sont g\u00e9r\u00e9s directement par les marques et sites partenaires vers lesquels nous vous dirigeons<\/li>\n\n\n\n<li>Chaque marque applique sa propre politique de remboursement<\/li>\n<\/ul>\n\n\n\n<h2 class=\"wp-block-heading\" id=\"block-147aa5fb-5882-4db2-b5cb-f6b0f5f67acf\">Proc\u00e9dure en cas de probl\u00e8me<\/h2>\n\n\n\n<ol id=\"block-ee453833-4ffe-4584-a110-95077f11f3fc\" class=\"wp-block-list\">\n<li><strong>Contactez directement le vendeur<\/strong> sur le site o\u00f9 vous avez effectu\u00e9 votre achat<\/li>\n\n\n\n<li>R\u00e9f\u00e9rez-vous aux <strong>conditions de remboursement<\/strong> sp\u00e9cifiques de la marque concern\u00e9e<\/li>\n\n\n\n<li>Si vous rencontrez des difficult\u00e9s, vous pouvez nous contacter \u00e0 <strong>contact@pedopsydebre.org<\/strong> pour obtenir les coordonn\u00e9es du service client appropri\u00e9<\/li>\n<\/ol>\n\n\n\n<h2 class=\"wp-block-heading\" id=\"block-3e339cc1-d67e-4b64-b53f-d3c8164a23d2\">Responsabilit\u00e9<\/h2>\n\n\n\n<p id=\"block-cfe112df-eb98-4a5c-98e4-1ea5aec36d29\">Miaouw O\u00dc d\u00e9cline toute responsabilit\u00e9 concernant :<\/p>\n\n\n\n<ul id=\"block-f59c794c-0941-48bb-8364-f825e90af735\" class=\"wp-block-list\">\n<li>Les politiques de remboursement des sites partenaires<\/li>\n\n\n\n<li>Les litiges entre clients et vendeurs tiers<\/li>\n\n\n\n<li>La qualit\u00e9 des produits vendus par nos partenaires<\/li>\n<\/ul>\n\n\n\n<p>\ufeff<\/p>\n","protected":false},"excerpt":{"rendered":"<p>Politique en mati\u00e8re de remboursements et de retours Derni\u00e8re mise \u00e0 jour : Septembre 2025 Nature de notre service La boutique Journ\u00e9e mondiale est un site comparateur et interm\u00e9diaire qui vous oriente vers les meilleures offres de compl\u00e9ments alimentaires et produits de bien-\u00eatre. Nous ne vendons pas directement les produits pr\u00e9sent\u00e9s sur notre site. Remboursements &#8230; <a title=\"Politique en mati\u00e8re de remboursements et de retours\" class=\"read-more\" href=\"https:\/\/www.journee-mondiale.com\/boutique\/remboursements_retours\/\" aria-label=\"En savoir plus sur Politique en mati\u00e8re de remboursements et de retours\">Lire plus<\/a><\/p>\n","protected":false},"author":1,"featured_media":0,"parent":0,"menu_order":0,"comment_status":"closed","ping_status":"closed","template":"","meta":{"_acf_changed":false,"footnotes":""},"class_list":["post-16592","page","type-page","status-publish"],"acf":[],"_yoast_wpseo_primary_category":null,"_yoast_wpseo_title":null,"_yoast_wpseo_metadesc":null,"_links":{"self":[{"href":"https:\/\/www.journee-mondiale.com\/boutique\/wp-json\/wp\/v2\/pages\/16592","targetHints":{"allow":["GET"]}}],"collection":[{"href":"https:\/\/www.journee-mondiale.com\/boutique\/wp-json\/wp\/v2\/pages"}],"about":[{"href":"https:\/\/www.journee-mondiale.com\/boutique\/wp-json\/wp\/v2\/types\/page"}],"author":[{"embeddable":true,"href":"https:\/\/www.journee-mondiale.com\/boutique\/wp-json\/wp\/v2\/users\/1"}],"replies":[{"embeddable":true,"href":"https:\/\/www.journee-mondiale.com\/boutique\/wp-json\/wp\/v2\/comments?post=16592"}],"version-history":[{"count":2,"href":"https:\/\/www.journee-mondiale.com\/boutique\/wp-json\/wp\/v2\/pages\/16592\/revisions"}],"predecessor-version":[{"id":16738,"href":"https:\/\/www.journee-mondiale.com\/boutique\/wp-json\/wp\/v2\/pages\/16592\/revisions\/16738"}],"wp:attachment":[{"href":"https:\/\/www.journee-mondiale.com\/boutique\/wp-json\/wp\/v2\/media?parent=16592"}],"curies":[{"name":"wp","href":"https:\/\/api.w.org\/{rel}","templated":true}]}}